y) = y**2 + 429*y + 22673. What is g(-64)?
-687
Let p(a) = -a**3 - 190*a**2 + 1927*a + 147183. Determine p(-196).
-13
Let n(t) = 2*t**3 + 17*t**2 - 82*t - 208. Determine n(-11).
89
Let r(c) = c**3 + 71*c**2 + 125*c + 577. Calculate r(-69).
1474
Let p(k) = -2*k**3 + 66*k**2 + 1691*k - 138. Determine p(-17).
15
Let r(p) = 437393*p + 2624352. What is r(-6)?
-6
Let f(r) = 2*r**3 - 19*r**2 - 105*r - 295. Determine f(-5).
-495
Let h(u) = -u**3 - 11*u**2 + 41*u + 70. Determine h(-14).
84
Let i(k) = 15*k**3 + 910*k**2 + 603*k + 184. What is i(-60)?
4
Let v(j) = 12339*j - 111037. Determine v(9).
14
Let s(w) = 144*w - 28125. Determine s(195).
-45
Let y(p) = p**3 + 47*p**2 + 69*p - 2766. Determine y(-44).
6
Let y(v) = -277469*v - 20255233. What is y(-73)?
4
Let m(f) = 2*f**3 + 682*f**2 + 1755*f + 834136. Give m(-342).
-2
Let p(a) = a**3 + 5*a**2 - 1104*a - 6582. Determine p(-6).
6
Let w(m) = 19*m**2 + 5504*m - 1428. Determine w(-290).
312
Let f(l) = -23580*l + 1627013. What is f(69)?
-7
Let t(z) = -132*z**2 - 3303*z - 102. Determine t(-25).
-27
Let j(d) = -7*d**3 - 4231*d**2 + 2*d + 172. Give j(0).
172
Let k(d) = 53*d**3 + 74*d - 77. What is k(1)?
50
Let r(b) = -b**3 - 131*b**2 - 2130*b + 593. Give r(-112).
817
Let c(b) = b**3 - 63*b**2 + 14*b - 1784. Determine c(63).
-902
Let x(g) = 2*g**3 + 24*g**2 + 25*g + 145. Calculate x(-13).
-518
Let c(k) = -6804*k + 122476. What is c(18)?
4
Let r(b) = b**3 + 46*b**2 - 54*b + 1752. What is r(-48)?
-264
Let m(d) = -d**3 - 15*d**2 + 913*d + 11800. Give m(-32).
-8
Let o(r) = r**3 - 10*r**2 - 1604*r + 11511. Calculate o(7).
136
Let d(y) = -y**3 + 15*y**2 + 825*y - 11044. What is d(13)?
19
Let z(u) = -1104*u - 32219. What is z(-29)?
-203
Let d(s) = -s**3 + 172*s**2 + 167*s + 2437. Calculate d(173).
1399
Let r(g) = -152*g + 5214. What is r(39)?
-714
Let f(n) = -n**2 - 925*n + 57014. Calculate f(58).
0
Let v(u) = u**2 + 6059*u - 311599. Determine v(51).
11
Let s(n) = -n**3 - 178*n**2 - 3037*n - 2360. What is s(-159)?
184
Let c(r) = 89*r**2 - 945*r - 1892. Determine c(-2).
354
Let c(v) = -3*v**3 + 229*v**2 - 59*v - 1246. Calculate c(76).
46
Let a(y) = -y**2 - 2722*y + 77066. What is a(28)?
66
Let v(j) = -j**3 + 10*j**2 + 1733*j - 13952. Calculate v(8).
40
Let x(p) = p**2 + 32332*p + 226279. What is x(-7)?
4
Let f(w) = 2*w**2 + 716*w - 49115. What is f(59)?
91
Let p(u) = -8*u**2 + 232*u - 1631. Determine p(13).
33
Let v(i) = -22*i**3 + 7*i**2 - 18*i - 28. What is v(-1)?
19
Let n(v) = 1063*v - 258287. What is n(243)?
22
Let q(f) = -6*f**3 + 23*f**2 - 277*f + 1393. What is q(5)?
-167
Let k(j) = -497*j - 50977. What is k(-103)?
214
Let l(w) = -w**3 - 13*w**2 + 72*w - 128. Determine l(-19).
670
Let x(l) = l**2 - 1560*l - 95536. Give x(-59).
-15
Let r(f) = -13274*f**2 + 53099*f - 9. Calculate r(4).
3
Let o(h) = -15951*h**2 - 191411*h - 9. Give o(-12).
-21
Let c(a) = -841*a - 67168. Determine c(-80).
112
Let v(d) = -d**3 + 23*d**2 - 1252*d + 6891. Determine v(6).
-9
Let i(t) = 2*t**3 - 79*t**2 + 705*t - 75. Calculate i(22).
-1505
Let t(a) = -805*a + 29245. What is t(36)?
265
Let j(t) = -46*t**2 + 1906*t + 3056. Give j(43).
-40
Let b(j) = -3*j - 140. Calculate b(-67).
61
Let s(z) = -30351*z + 151744. Calculate s(5).
-11
Let o(v) = -16963*v + 797248. Determine o(47).
-13
Let n(d) = 2634*d + 14890. What is n(-6)?
-914
Let w(f) = -2*f**3 - 1273*f**2 - 1718*f + 118750. Determine w(-635).
5
Let v(b) = -627*b - 128603. What is v(-205)?
-68
Let z(s) = 394037*s + 7092662. Determine z(-18).
-4
Let z(n) = 3*n**3 + 985*n**2 + 306*n - 7227. Give z(-328).
-11
Let j(w) = -46*w**2 - 56*w - 3. Determine j(1).
-105
Let j(d) = d**2 - 410*d + 44898. Determine j(206).
2874
Let v(q) = 9977*q + 109716. Determine v(-11).
-31
Let f(p) = -18871*p - 10530015. Give f(-558).
3
Let p(h) = 2*h**3 - 225*h**2 - 1438*h - 88. Calculate p(-6).
8
Let d(n) = 755*n**3 + 2*n**2 - 11*n + 13. Calculate d(1).
759
Let s(h) = 25*h + 4665. Calculate s(-117).
1740
Let o(a) = a**3 + 54*a**2 + 181*a + 3971. What is o(-52)?
-33
Let y(u) = 16110*u + 773048. What is y(-48)?
-232
Let x(p) = p**3 + 4*p**2 - 518*p + 56. Calculate x(22).
1244
Let s(f) = -49126*f + 1277294. What is s(26)?
18
Let o(k) = 8*k**3 - 126*k**2 + 8*k - 2. Give o(16).
638
Let l(j) = j**2 + 423*j - 104231. What is l(174)?
-353
Let k(i) = 26495*i - 132480. Calculate k(5).
-5
Let v(j) = 119*j + 5290. Calculate v(-47).
-303
Let k(t) = -6951*t + 229397. What is k(33)?
14
Let z(p) = -8*p**2 + 2815*p + 17144. Determine z(-6).
-34
Let p(c) = c**2 + 38*c - 4529. Determine p(-89).
10
Let n(j) = -12891*j - 799192. Calculate n(-62).
50
Let h(b) = 569179*b + 1138363. Determine h(-2).
5
Let t(l) = l**3 + 20*l**2 - 9*l + 2095. Determine t(-24).
7
Let d(q) = -3344*q + 77273. What is d(24)?
-2983
Let m(w) = -2*w**2 - 1716*w - 46419. Determine m(-28).
61
Let j(t) = t**2 - 635*t - 67674. What is j(-93)?
30
Let h(k) = -20*k**3 - 240*k**2 + 454*k + 5500. Determine h(-12).
52
Let z(m) = -8*m**2 + 8*m + 27. Calculate z(-11).
-1029
Let o(a) = a**3 + 267*a**2 - 1103*a + 10. Calculate o(4).
-66
Let i(q) = -2*q**2 - 209*q - 1978. Determine i(-93).
161
Let r(s) = 23*s**3 + 504*s**2 + 442*s + 88. Calculate r(-21).
67
Let p(h) = 3362*h - 29605. Calculate p(8).
-2709
Let o(f) = -10879*f + 2556552. Determine o(235).
-13
Let k(m) = -13*m**3 - 111*m**2 - 28*m - 78. Determine k(-6).
-1098
Let n(l) = -13740*l**2 + 41271*l - 54. Calculate n(3).
99
Let h(g) = -336531*g + 6057545. Determine h(18).
-13
Let c(g) = -g**2 - 118*g + 2560. Determine c(18).
112
Let a(w) = -269*w + 38210. Determine a(143).
-257
Let z(s) = -4733*s - 198769. Give z(-42).
17
Let k(b) = -28*b**2 + 158*b + 13. Determine k(2).
217
Let d(x) = -x**2 - 2854*x - 17210. Determine d(-6).
-122
Let x(b) = 2*b**2 - 168*b - 8581. Calculate x(-35).
-251
Let t(g) = g**3 + 111*g**2 + 386*g - 4498. Calculate t(-107).
-4
Let d(x) = -52846*x - 1902429. What is d(-36)?
27
Let s(b) = 222*b + 5113. Give s(-24).
-215
Let k(u) = -u**3 - 23*u**2 + 29*u + 30. Calculate k(2).
-12
Let r(i) = -12*i**2 + 103*i - 83. What is r(15)?
-1238
Let w(y) = 117*y**2 + 4105*y + 11526. Determine w(-32).
-26
Let p(g) = -3537*g - 346623. Determine p(-98).
3
Let a(k) = -1809*k + 242426. Give a(134).
20
Let h(o) = 3*o**2 + 1132*o + 43443. Calculate h(-334).
23
Let r(c) = 11487*c + 126059. Determine r(-11).
-298
Let q(n) = n**2 - 549*n - 6166. What is q(-11)?
-6
Let t(f) = 1004*f**2 - 2477*f - 1596. Give t(3).
9
Let p(s) = -3442*s - 2639999. Give p(-767).
15
Let j(i) = -9*i**2 - 1825*i + 90493. Determine j(-244).
-31
Let i(r) = -3*r**2 - 111*r - 452. Determine i(-35).
-242
Let t(o) = 20*o**3 - 132*o**2 - 85*o + 218. Give t(7).
15
Let u(o) = 38*o**2 + 12365*o - 7541. Give u(-326).
-43
Let p(g) = g**3 + 248*g**2 - 539*g - 9664. Calculate p(-250).
86
Let l(v) = 4463*v - 196369. Determine l(44).
3
Let v(z) = -4*z**3 - 135*z**2 + 65*z + 67. What is v(-35)?
3917
Let z(s) = -163*s**3 - s**2 + 49*s - 47. Give z(1).
-162
Let m(p) = -3554*p + 46379. Determine m(13).
177
Let p(g) = -g**2 + 573*g - 72429. What is p(186)?
-447
Let d(x) = -60*x + 86. Calculate d(9).
-454
Let n(x) = -14*x**2 - 4*x + 313. What is n(9)?
-857
Let f(c) = 390*c + 34113. Calculate f(-88).
-207
Let h(q) = -196*q - 21914. What is h(-111)?
-158
Let t(b) = 2*b**2 + 202*b + 600. Calculate t(-95).
-540
Let s(d) = 15*d**2 + 106*d - 106. Give s(-5).
-261
Let t(i) = -214*i**2 + 1489*i + 197. Give t(7).
134
Let i(g) = g**3 - 4*g**2 - 48*g - 2277. Calculate i(16).
27
Let y(v) = v**2 - 35586*v + 462455. Determine y(13).
6
Let p(z) = -7*z**3 - 29*z**2 + 126*z - 1032. Give p(9).
-7350
Let t(y) = 92*y**2 - 504*y - 21. Give t(7).
959
Let h(o) = 6*o**2 - 47*o - 39. Determine h(8).
-31
Let c(g) = g**3 - 43*g**2 - 63*g + 422. Give c(44).
-414
Let q(t) = 5*t**2 - 234*t - 6619. Calculate q(-26).
2845
Let d(z) = z**2 - 333*z - 7024. Give d(-20).
36
Let p(x) = -267*x + 12475. Give p(50).
-875
Let y(c) = -3*c**2 - 552*c - 17811. Give y(-144).
-531
Let k(l) = 13906*l + 389315. What is k(-28)?
-53
Let d(p) = p**3 - 83*p**2 - 249*p - 1140. Give d(86).
-366
Let a(y) = -1331*y + 7841. Give a(5).
1186
Let a(b) = -b**2 + 1116*b + 89319. What is a(-75)?
-6
Let j(l) = 2*l**3 + 25*l**2 - 31*l + 3017. Give j(-18).
11
Let t(f) = -f**3 + 8*f**2 - 874*f + 8944. What is t(10)?
4
Let o(s) = -1